{"id":856,"date":"2016-06-19T23:52:19","date_gmt":"2016-06-19T21:52:19","guid":{"rendered":"http:\/\/www.schmiedeinnung-chemnitz.de\/?page_id=856"},"modified":"2016-06-20T11:57:01","modified_gmt":"2016-06-20T09:57:01","slug":"bevor-die-soka-bau-kommt-finanzielle-nachteile-verhindern","status":"publish","type":"page","link":"https:\/\/www.schmiedeinnung-chemnitz.de\/?page_id=856","title":{"rendered":"Bevor die SOKA Bau kommt:  Finanzielle Nachteile verhindern"},"content":{"rendered":"<p>Viele winken bei dem Thema ab: SOKA Bau geht mich nichts an!<\/p>\n<p>Doch in vielen F\u00e4llen hat sich das schon als tr\u00fcgerisch erwiesen und zu finanziellen Belastungen der Unternehmen gef\u00fchrt, die bis zur Insolvenz reichen k\u00f6nnen. Die am Bau t\u00e4tigen Unternehmen m\u00fcssen an die Soka Bau eine Umlage von derzeit 17,20% der Bruttolohnsumme zahlen. Ganz aktuell sind davon ab 1. April 2015 auch Alleinmeister betroffen, die k\u00fcnftig mit einem Teilbetrag von 900,00 \u20ac j\u00e4hrlich zur Ausbildungsfinanzierung veranlagt werden. Dieses geschieht auf einer gesetzlichen Grundlage ohne jegliche Widerspruchsm\u00f6glichkeit.<\/p>\n<h2>K\u00f6nnen Sie sich und Ihren Betrieb sch\u00fctzen?<\/h2>\n<p>Ihre Innung kann Sie sch\u00fctzen. Weil Ihr Metallbetrieb durch die Mitgliedschaft in der f\u00fcr Sie zust\u00e4ndigen Metall-Innung nicht dem fachlichen Geltungsbereichen des allgemeinverbindlichen Tarifvertrages der SoKa-Bau unterf\u00e4llt und somit von der Verpflichtung zur Teilnahme am Sozialkassenverfahren der Bauwirtschaft befreit ist.<\/p>\n<p>In der Schmiedeinnung-Chemnitz sind die Voraussetzungen f\u00fcr eine Befreiung gegeben. Nat\u00fcrlich hat die Innungsmitgliedschaft nicht nur den Vorteil der Umlagenbefreiung.<\/p>\n","protected":false},"excerpt":{"rendered":"<p>Viele winken bei dem Thema ab: SOKA Bau geht mich nichts an! Doch in vielen F\u00e4llen hat sich das schon als tr\u00fcgerisch erwiesen und zu finanziellen Belastungen der Unternehmen gef\u00fchrt, <a class=\"more-link\" href=\"https:\/\/www.schmiedeinnung-chemnitz.de\/?page_id=856\">Mehr lesen? Hier klicken! \u2192<\/a><\/p>\n","protected":false},"author":7,"featured_media":0,"parent":0,"menu_order":0,"comment_status":"closed","ping_status":"closed","template":"","meta":{"footnotes":""},"_links":{"self":[{"href":"https:\/\/www.schmiedeinnung-chemnitz.de\/index.php?rest_route=\/wp\/v2\/pages\/856"}],"collection":[{"href":"https:\/\/www.schmiedeinnung-chemnitz.de\/index.php?rest_route=\/wp\/v2\/pages"}],"about":[{"href":"https:\/\/www.schmiedeinnung-chemnitz.de\/index.php?rest_route=\/wp\/v2\/types\/page"}],"author":[{"embeddable":true,"href":"https:\/\/www.schmiedeinnung-chemnitz.de\/index.php?rest_route=\/wp\/v2\/users\/7"}],"replies":[{"embeddable":true,"href":"https:\/\/www.schmiedeinnung-chemnitz.de\/index.php?rest_route=%2Fwp%2Fv2%2Fcomments&post=856"}],"version-history":[{"count":1,"href":"https:\/\/www.schmiedeinnung-chemnitz.de\/index.php?rest_route=\/wp\/v2\/pages\/856\/revisions"}],"predecessor-version":[{"id":857,"href":"https:\/\/www.schmiedeinnung-chemnitz.de\/index.php?rest_route=\/wp\/v2\/pages\/856\/revisions\/857"}],"wp:attachment":[{"href":"https:\/\/www.schmiedeinnung-chemnitz.de\/index.php?rest_route=%2Fwp%2Fv2%2Fmedia&parent=856"}],"curies":[{"name":"wp","href":"https:\/\/api.w.org\/{rel}","templated":true}]}}